Let u be -1*(-1*2 - 1). Suppose -l = u*l - 296. Suppose -5*s + 56 + l = 0. Is 13 a factor of s?
True
Let q(c) = -4 + 1 + 2 + 10*c. Let v be q(1). Is ((-4)/3)/((-2)/v) a multiple of 3?
True
Let r(y) = 16*y - 31. Does 14 divide r(9)?
False
Suppose 8*s = 9*s - 30. Does 10 divide s?
True
Let h = 17 + -13. Suppose -5*i + 27 + 13 = 0. Suppose i*j + 4*k = 3*j + 44, h = 4*k. Does 5 divide j?
False
Let q(j) be the first derivative of -5*j**2 + 1. Let f be q(3). Is 10 a factor of ((-12)/9)/(4/f)?
True
Suppose k - 1 = 3. Does 27 divide (157 - -1)*k/8?
False
Let u(g) = 4*g**3 - 3*g**2 - 3*g. Let s be u(3). Suppose 2*o - 5*o = -s. Is 12 a factor of o?
True
Suppose -4*y - 21 = -81. Suppose 4*w + 4*g = -4, y = w + g - 4*g. Suppose -2*n - w*l + 39 = 0, 2*l = -5*n - 3*l + 85. Is n a multiple of 6?
True
Let a(g) = 5 + 7*g**2 + 0*g - 2*g**2 + g**3 - g. Let c be a(-5). Suppose 2*x + c = 2*s - 2*x, 25 = 5*s - 3*x. Does 2 divide s?
False
Suppose -u = -4*n + 8, -n + 2 = 2*u - 3*n. Does 4 divide u?
True
Let y(r) = -r - 4. Let i be 1/(-2) - (-2)/4. Let m be y(i). Is 11 a factor of 44/(-6)*6/m?
True
Let t(h) = 6*h**2 + h + 1. Let i be t(-1). Suppose -5*n = 3*v + 33, -9 = 3*v + 3*n - i*n. Let j(r) = r**3 + 5*r**2 - 8*r - 5. Is 7 a factor of j(v)?
True
Is 33/(-2)*(-2 + 0) a multiple of 23?
False
Let p = 48 + -24. Is 13 a factor of p?
False
Suppose 9*c - 89 = 289. Does 6 divide c?
True
Let n(z) = -4*z + 2. Let j(t) = 17*t - 9. Let w(c) = -2*j(c) - 9*n(c). Let g be w(1). Suppose -q + 54 = g*q. Is q a multiple of 10?
False
Let p(m) = -5*m - 1. Suppose c + 10 = -c. Let w be (2/6)/(c/15). Is p(w) a multiple of 4?
True
Suppose -d = d + 14. Let g = d - -11. Is 4 a factor of g?
True
Let z = -298 + 523. Suppose -3*i + z = 2*i. Is 15 a factor of i?
True
Is 14 a factor of (2 - -83) + (-2 - -5)?
False
Let c(v) = v**3 + 7*v**2 - 23*v + 8. Is 13 a factor of c(-7)?
True
Suppose -s = -f + 2, 0 = 2*f + 2*f + 3*s - 29. Suppose 16 - 156 = -f*r. Is 10 a factor of r?
False
Suppose -g + 57 = -0*g. Is g a multiple of 11?
False
Let n = 69 + -66. Is n even?
False
Let v = -308 - -557. Does 54 divide v?
False
Suppose v = 47 + 41. Is 31 a factor of v?
False
Let s be (-88)/(-4) - 1*-2. Suppose -w = 2*z - 23, -w - 4*z + 1 = -s. Does 7 divide w?
True
Let i = -17 + 35. Does 11 divide i?
False
Suppose 0 = 7*q - 3*q - 3*r - 90, -3*r + 6 = 0. Suppose 0*b = -3*b + q. Is 8 a factor of b?
True
Suppose 0*f = -f + 16. Is ((-4)/8)/((-2)/f) a multiple of 4?
True
Suppose -5*l = 3*i - 6, 3*l - 6*i = -i - 10. Let z be (l - 1)*(-16 + 1). Suppose -z = q - 2*q. Is 6 a factor of q?
False
Is 10 a factor of (-3240)/(-65) + 6/39?
True
Suppose 2*g - 1 = 7. Suppose 0*v - g = -v. Suppose v*o - 2*o + 3*p - 20 = 0, 0 = -2*o - 2*p + 16. Is o a multiple of 4?
True
Let u = -18 - -11. Let b = u + 29. Does 11 divide b?
True
Let f(w) = w**3 + 12. Is f(0) a multiple of 11?
False
Let q(z) = -z**3 - 4*z**2 - 3*z - 7. Is q(-6) a multiple of 11?
False
Suppose -5*l + 14 = -11, -104 = -3*b - 4*l. Does 11 divide b?
False
Let o(t) = -17*t - 1. Let d be o(1). Does 24 divide d/21*(-112)/4?
True
Let w(k) = k**3 - 6*k**2 - k + 8. Let h be w(6). Suppose 3*j = h*v + 39 + 23, -2*j + 38 = -3*v. Does 11 divide j?
True
Suppose 0 = -0*x - 2*x + 5*z + 135, -5*z = -5*x + 315. Is 10 a factor of x?
True
Let v be 4/6 + (-150)/9. Let u = v - -37. Is 7 a factor of u?
True
Suppose -k + 3*k + 4 = 0. Suppose -x - 34 = 5*n, -2*x + 5 = n + 19. Is (4/n)/(k/21) even?
False
Let n be -5*((-21)/15 + -1). Let x = n + -18. Does 14 divide 86/3 + 4/x?
True
Let b be 6*2/(-4) + 9. Suppose -5*x + 611 = -b*c + 2*c, -3*x - c = -353. Suppose x = -p + 4*p - 4*k, k - 94 = -3*p. Does 11 divide p?
True
Suppose w = 3*g - 51, 3*w = -2*g - 0*w + 23. Is 8 a factor of g?
True
Suppose 3812 = 4*o - 6700. Suppose u + o = 2*d - u, -d + 1320 = -4*u. Does 15 divide d/44 + (-2)/(-11)?
True
Let o = -153 - -243. Is 23 a factor of o?
False
Let p(a) = a**2 + 15. Suppose 32 = 3*n + 11. Does 32 divide p(n)?
True
Let k = 16 - 15. Suppose 0 = -i + 6 - k. Does 5 divide i?
True
Suppose -5*h = 5*t - 45, -h - 41 = -4*t - 10. Suppose -2*r - t = 2*r. Let q(a) = -8*a - 2. Is q(r) a multiple of 14?
True
Let g(h) = -6*h - 2. Let k(r) = r + 4. Let t be k(-5). Is g(t) a multiple of 2?
True
Let a = -78 - -92. Is 5 a factor of a?
False
Let y be (-1 - -5) + (-2 - -3). Let a = 26 - y. Is a a multiple of 13?
False
Let q(a) = 5*a**2 - 4*a - 4. Is q(4) a multiple of 15?
True
Let w(i) = 2*i**2 - 2*i - 15. Does 15 divide w(6)?
True
Is (4 - 9/3) + 20 a multiple of 9?
False
Suppose 0 = -10*l - 5*l + 135. Does 3 divide l?
True
Suppose 0 = 2*z + z - 27. Is 1/3 + 177/z a multiple of 12?
False
Let n(m) = -3*m + 5. Let s be n(-6). Suppose 56 = 3*c - 5*l, 4*l + 3 = -3*c + s. Is c a multiple of 5?
False
Let d be (-3)/6 + (-99)/2. Suppose 0*i - i = 30. Let o = i - d. Is o a multiple of 9?
False
Let n be (-8)/44 - (-48)/22. Suppose 2*z + n*g = 5*z - 14, 15 = 4*z + g. Let p = z + 2. Does 3 divide p?
True
Let i(y) = 5*y + 12. Let u be i(-7). Let x = -8 - u. Is 10 a factor of x?
False
Suppose -l + 560 = 6*l. Is 8 a factor of l?
True
Suppose -5*x + 11 = -14. Suppose -265 = -x*z + 5*u, -3*z + u = -231 + 80. Is z a multiple of 12?
False
Suppose 0 = -5*b + 7*b - 92. Is 23 a factor of b?
True
Suppose -39 = -6*q + 3*q. Does 4 divide q?
False
Let r be (1/2)/(7/252). Suppose t = r - 3. Is t a multiple of 11?
False
Suppose w + w - 24 = 0. Let v be 2/6 - 148/w. Is (-165)/v - (-1)/4 a multiple of 5?
False
Let l = 120 + -54. Does 15 divide l?
False
Let o(d) = d**2 - 7*d - 2. Let q be 4/18 - (-140)/18. Does 2 divide o(q)?
True
Let f(l) = l**3 - 3*l**2 + l. Let v be f(3). Suppose 0 = u - 3*q - 34, -3*u + 7*u = -v*q + 106. Does 8 divide u?
False
Suppose -2*b = -b - 22. Is b a multiple of 22?
True
Let s(j) = j - 1. Let m be s(3). Suppose a = m*a + 10. Does 11 divide (-108)/a + 3/15?
True
Let s be (0 - -10)*(-4)/10. Let x(c) = c - 2*c**2 + 6*c**2 + 0*c - 3*c**2. Is x(s) a multiple of 6?
True
Let n = -35 - -67. Is 18 a factor of n?
False
Let y be ((-27)/(-6))/3*2. Suppose 4*a + f = -0*a - 5, 2*a = -4*f - 20. Suppose a = j - y - 2. Does 3 divide j?
False
Suppose c + 125 = 2*c - 4*z, -4*c = z - 500. Is 25 a factor of c?
True
Suppose z - 8*f + 4*f - 20 = 0, 2*f + 10 = 0. Suppose -x + 5*x - 288 = z. Is x a multiple of 25?
False
Suppose -k = -4*f - 10, -5*f - 20 = -2*k + 9. Does 4 divide (-600)/(-33) - 4/k?
False
Let f(n) = -15*n - 1. Let i = -4 - -3. Is 7 a factor of f(i)?
True
Suppose -15*x = -12*x - 99. Is 11 a factor of x?
True
Suppose -21*u + 22*u - 26 = 0. Is 26 a factor of u?
True
Let p be (-2)/4 + 7/14. Suppose 0 = -b - l + 53, -4*l - 7 - 9 = p. Does 11 divide b?
False
Let t(i) = i**3 + i. Let n(p) = 5*p**3 - 5*p**2 + 4*p + 7. Let d(q) = n(q) - 6*t(q). Is d(-5) a multiple of 14?
False
Suppose 2*f = -14 - 6. Let n be (-3)/15 - 62/f. Let z = n - 4. Is z a multiple of 2?
True
Suppose 0 = -h - h + 52. Suppose 2 = -4*z + h. Is z a multiple of 2?
True
Let w(z) = z**2 - 4. Let k be w(-3). Suppose 47 = k*v - 403. Does 15 divide v?
True
Does 14 divide ((-2019)/(-12) - 2) + 3/(-12)?
False
Let i be 204/54 + (-2)/(-9). Is i - 1 - (-42)/7 a multiple of 9?
True
Suppose 3*a - 260 = -2*a. Does 26 divide a?
True
Let s = -1 - 1. Let j be ((-3 - s) + 1)/1. Suppose j = -5*w - 5*u + 230, -3*w + 5*w = -u + 90. Is w a multiple of 19?
False
Suppose 2 = j - 0. Let s = j - -3. Suppose 0 = -d + 3*l + 5, -s*d + 4*l + 49 = l. Is 4 a factor of d?
False
Suppose -2*z - 3*m - 12 = -4, -2*z + 2*m + 12 = 0. Is z a multiple of 2?
True
Suppose 6*g - 4*g - 128 = 0. Does 16 divide g?
True
Let y(p) = -p**2 + 9*p + 12. Let f be y(10). Suppose -4 + 2 = -f*c. Let t = c + 4. Is t a multiple of 3?
False
Suppose -5*x - 3*k - 519 = 0, -x - k + 4*k = 111. Is x/(-3)*(2 + -1) a multiple of 18?
False
Let y be (-2 - 1) + 2 - 53. Let h = 77 + y. Does 5 divide h?
False
Suppose -4*n = 1 + 7, -471 = -3*h - 3*n. Is h a multiple of 12?
False
Let s = -103 + 165. Is s a multiple of 31?
True
Does 57 divide 3 + 2 + 185 + 3?
False
Suppose 8*h - 288 - 144 = 0. Is 54 a factor of h?
True
Let i be 94/18 + (-2)/9. Suppose c = 3 - i. Does 20 divide 313/9 - c/9?
False
Suppose -5*w - 5*q = -55, -w - 3*q = -0*q - 21. Let c(o) = -11*o + 2. Let v be c(w). Is (v/20)/(4/(-10)) a multiple of 6?
False
Suppose -3*w = -5*w.